of a(i).
3, 29
Let i = 177 + -147. What are the prime factors of (-10)/i + (-652)/(-12)?
2, 3
Let q = -62 - -66. Suppose -q*i - 1866 = 4*r - 170, -5*r = 2*i + 2105. Let n = r + 709. List the prime factors of n.
2, 5, 29
Let u(h) be the second derivative of h**3/6 + 27*h**2/2 - 16*h. Let n be u(-13). List the prime factors of 15/(-2)*n/(-35).
3
Suppose 3*w = i - 3*i + 46, -3*w = 0. Suppose -33*s = -i*s - 4270. What are the prime factors of s?
7, 61
Let c = -7240 + 20584. List the prime factors of c.
2, 3, 139
Let r(l) = 2091*l**2 - 12*l + 12. Let c be r(1). Suppose 5*p - 269 = c. What are the prime factors of p?
2, 59
Let s(v) = 3*v**3 - 7*v - 46*v**2 + 20 + 49*v**2 - v**3. Suppose 0*h - 5*z + 13 = 2*h, 5*h - 25 = -5*z. List the prime factors of s(h).
2, 3, 7
Let u be (-40)/16*(-216 - -2). Let c = -332 + u. List the prime factors of c.
7, 29
Let t = 28175 - 9897. What are the prime factors of t?
2, 13, 19, 37
Let x(z) = 5 - 4*z - 4*z + 0*z - 13*z. Let o be x(-8). Suppose o = 4*n + 25. List the prime factors of n.
37
Let n = -10247 - -25853. What are the prime factors of n?
2, 3, 17
Let g(r) = r**2 - 6*r - 10. Let s be g(7). Let i(j) = -j**2 - 26*j + 311. Let v be i(9). What are the prime factors of s + (-79)/v - (-1)/4?
17
Suppose w + 67 - 17 = -2*u, 0 = 2*w - 3*u + 79. Let s = w + 80. What are the prime factors of s?
2, 3
What are the prime factors of (215070/20 + 15)*2?
3, 2393
Suppose 4*b - 68*b + 52667 + 1397253 = 0. What are the prime factors of b?
5, 23, 197
Suppose 0 = -32*c + 183*c - 170024 - 28994. List the prime factors of c.
2, 659
Let n be (-11 - -5)*10/(-12). Suppose n*r + 32 = 42. What are the prime factors of (-2)/r*(2 + -35)?
3, 11
Suppose 136 - 136 = 9*p. What are the prime factors of 565 + p + (0 - 1)?
2, 3, 47
Suppose 3*u - 339 = -3*w + 16545, -2*w = -4*u - 11256. List the prime factors of w.
2, 3, 7, 67
Suppose -i - 26 + 32 = 0. Suppose -i*n + 1865 = -163. What are the prime factors of n?
2, 13
Suppose -13*c - 4*z - 21716 = -15*c, -10858 = -c - 3*z. List the prime factors of c.
2, 61, 89
Let b(a) = -2*a**3 - 35*a**2 - 38*a + 6. What are the prime factors of b(-21)?
3, 1297
Let n(j) = j**3 - 4*j**2 + 3*j + 22. Let h be n(-3). Let m = 120 + h. What are the prime factors of m?
2, 5, 7
Let h = -19504 - -90495. What are the prime factors of h?
70991
Let g(j) = 5*j**2 + 66*j + 329. What are the prime factors of g(-33)?
2, 29, 31
Let f(d) = d**3 + 23*d**2 - 27*d - 33. Let z be (5 + (-45)/10)*4 - 26. List the prime factors of f(z).
3, 13
Let c be 34/(5 + 481/(-96)). Let d = 5209 + c. Suppose 278 = 9*x - d. List the prime factors of x.
13, 19
Let r(z) = -z**3 + 81*z**2 + 538*z - 355. What are the prime factors of r(81)?
43223
Let a(c) = 22*c - 88. Let m be a(4). Suppose m = 17*z - 13*z - 2992. List the prime factors of z.
2, 11, 17
Let k(r) = 5*r + r**2 + 1 + 2 + 8*r**3 + 2 + 0*r. Let n be k(-2). Let o = n + 67. What are the prime factors of o?
2
Suppose -92*g + 2605157 = -929575. List the prime factors of g.
3, 1423
Suppose -9*o + 16 = -20. Suppose -o*y + y = -0*y. List the prime factors of 14 + 2 + -2 + y/(-2).
2, 7
Let w = -2294 + 2861. List the prime factors of w.
3, 7
Let b be 15300/32 + 9/(-72). Suppose -12015 = -487*t + b*t. What are the prime factors of t?
3, 5, 89
Let m(v) = v**2 + 4*v - 3. Let q be m(2). Suppose -w - q + 20 = 0. Let x = w - 2. What are the prime factors of x?
3
Let l = -278 + 288. What are the prime factors of (-175)/l*-2 - 2?
3, 11
Suppose 4*f - 1402 = 5*h, -2*f + 0*h + h = -698. Let b = 1315 - f. List the prime factors of b.
967
Let a = -334 - -622. Suppose -2*t + a = t. Suppose 0 = -3*j + 408 - t. List the prime factors of j.
2, 13
Let c = -4689 - -9678. What are the prime factors of c?
3, 1663
Let k(w) = 124*w**2 - 45*w - 348. What are the prime factors of k(-7)?
6043
Suppose 0 = j - 11*j + 330. Suppose -5*i + j = s, 4*s + 3*i - 41 = 3*s. Suppose 3*h = 121 + s. List the prime factors of h.
2, 29
Suppose 310*q - 277*q - 137412 = 0. What are the prime factors of q?
2, 3, 347
Let r(k) = -71*k**2 - 2*k + 3. Let q(y) = 72*y**2 + y - 1. Suppose -27*x = -24*x - 9. Let t(w) = x*q(w) + 2*r(w). What are the prime factors of t(1)?
2, 19
Let c = -56 - -60. Let b be 5 - 0 - (c + -3). List the prime factors of b/(-14) - (-2223)/63.
5, 7
Let m = -54106 - -87442. List the prime factors of m.
2, 3, 463
Let l = 36 - 34. Let h be -3 + l + 5 + 246. Let f = 5 + h. What are the prime factors of f?
3, 5, 17
Let u(h) = 62*h - 34. Suppose -3*z = 4*q - 39, -q - 4*z = 3*q - 44. List the prime factors of u(q).
2, 13
Let l(n) = 20*n**2 + 10*n - 1. Let d(t) = 59*t + 63. Let s be d(-1). What are the prime factors of l(s)?
359
Suppose -240982 = -32*d + 94922. List the prime factors of d.
3, 3499
Suppose -3*s + 8*y + 35245 = 0, -7*y + 5*y - 35233 = -3*s. What are the prime factors of s?
11743
Let c = -2297 + 17076. List the prime factors of c.
14779
Let u(q) = q + 47. Let p be u(-16). Suppose -p*t = 2448 - 16119. List the prime factors of t.
3, 7
Let q(m) = 5*m**2 + 3*m - 5. Let a be q(5). Let i be 162/a + 1 + 6/(-5). List the prime factors of 40/(-20) + 57 + i + -1.
5, 11
Suppose -4*j = 8, 298 = 4*v + 3*j - 552. Let b = -51 + v. List the prime factors of b.
163
Let m(r) = -112*r**2 + 36*r + 104. Let n(a) = 75*a**2 - 24*a - 69. Let i(c) = 5*m(c) + 8*n(c). What are the prime factors of i(-3)?
2, 7, 13
Suppose 281*f - 283*f - 58 = 0. Let k(v) = -3*v + 63. List the prime factors of k(f).
2, 3, 5
Let o = -6125 - -6295. What are the prime factors of o?
2, 5, 17
Let d(c) = -c**2 - 4*c - 24. Let y(l) = 5*l**2 + 15*l + 97. Let j(h) = 9*d(h) + 2*y(h). What are the prime factors of j(21)?
293
Let o(t) = -95*t - 8. Let k be o(-11). Let h = 1611 - k. What are the prime factors of h?
2, 7, 41
Let x(j) = -j + 63. Suppose -5*g + 3*z - 124 = -10*g, g = -z + 26. Let h be x(g). Suppose 42 = 2*t + 2*d, t - d - h = -11. List the prime factors of t.
5
Suppose -53*m + 18 = -47*m. What are the prime factors of (-4)/96*m + 1491/24?
2, 31
Let k = 104 + -29. Let q = k - 80. Let p(z) = -13*z + 23. What are the prime factors of p(q)?
2, 11
Let u = -2 - -4. Suppose 3*c = u*r + 7, -3*r - 16 = -2*r - 4*c. Suppose -r*v + 27 = -25. What are the prime factors of v?
13
Suppose -s - 79873 + 20575 = -3*s. What are the prime factors of s?
3, 9883
Let u = 52 - 38. Let c = -11 + u. List the prime factors of c.
3
Suppose -34205 = 59*j - 329264. What are the prime factors of j?
3, 1667
Suppose 111 = 4*i + l - 188, 3*i = -2*l + 223. Suppose 65*h - i*h = -1190. What are the prime factors of h?
7, 17
Let l(i) = i**2 + 3*i + 16. Let t be l(18). Let u = t + -117. List the prime factors of u.
277
Suppose -4*n + 4*b = -3*n + 4, -5*n - 20 = -5*b. List the prime factors of (-2)/n + ((-5766)/12)/(-1).
13, 37
Let b(s) = -3*s - 147. Let x be b(-50). Let d be (8/6)/(2/(-24)). What are the prime factors of (d/5 + 2)*(-340)/x?
2, 17
Suppose 6*y - 102 = -2*v + y, -2*v - 4*y + 100 = 0. Let f = v + -44. Suppose -f*z + 8 = 0, -z + 102 = 2*a - 12. List the prime factors of a.
5, 11
Let b(t) = -t**2 + 16*t + 35. Let n(z) = -z**3 - 7*z**2 + 17*z + 12. Let u be n(-9). Let m be b(u). Let f = 121 + m. What are the prime factors of f?
3, 17
Let j be 122*30/(-12) - (-2)/(-1). Let v = 364 - j. List the prime factors of v.
11, 61
Let t be (-2)/(-1)*15/(-9)*-21. Suppose -120 = 2*n - t. What are the prime factors of n/(-50)*128/2?
2
Suppose 2*c + 20794 = 2*p - 2868, -47315 = -4*p + 5*c. List the prime factors of p.
2, 5, 37
Let c be (-4 + 4)/(2/1). Suppose 19*y - 7662 - 2845 = c. What are the prime factors of y?
7, 79
Let q(p) = p**3 + 12*p**2 - 13*p - 10. Let c be q(-15). Let g = c + 656. List the prime factors of g.
2, 83
Let g(l) be the third derivative of l**6/120 + 9*l**5/20 + 25*l**4/12 - 16*l**3/3 + 31*l**2 + 2*l. List the prime factors of g(-23).
2, 467
List the prime factors of 21/(-9)*3*(618/(-21) + 2).
2, 3
Suppose 13*g = 21*g - 24. Suppose -g = 5*u - 18. Suppose 2*n = m - 40 + u, -m - 3*n = -32. List the prime factors of m.
5, 7
Let j be (1/(-2) - 1/(-2)) + -4. Let t be j/(-6)*3 - (-2)/1. Suppose -5*y + 68 = s + 3*s, -64 = -4*s - t*y. What are the prime factors of s?
2, 3
Let t(c) = -3*c + 432 - 425 + 2*c + 5*c. Let v(y) = y**2 - 3*y + 2. Let n be v(-4). What are the prime factors of t(n)?
